s).
5
Let u(t) be the second derivative of -t**4/12 - t**3/6 + 7*t**2/2 - 4*t. What is u(0)?
7
Suppose -40 = -c - 4*c. Let k(g) = 2*g - 7. What is k(c)?
9
Let r(o) = o**3 - 5*o**2 + 2*o + 2. Suppose -2*y - 44 = -13*y. Give r(y).
-6
Let s(x) = -8*x**2 + x. Let l(u) = -u + 11. Suppose 4*d - 4*k = d + 42, d - 4*k - 22 = 0. Let n be l(d). Calculate s(n).
-7
Let r be (3 + -8)*2/(-2). Let i(d) = -d + 3. Let m(b) = -b + 6. Let f(s) = r*i(s) - 2*m(s). Determine f(3).
-6
Suppose 31 = 5*x - 3*y, 2*x - x = 5*y + 15. Suppose -q + 12 = -2*m, -2*q + 3*m + 9 = -x*q. Let k(t) = t**2 - 4*t - 1. Give k(q).
-5
Let i(d) = d**2. Let n = 3 - 1. Suppose 0 = 4*m - 3*m - 2*l + 5, -n*l + 7 = m. Suppose 0 = c - m - 0. Calculate i(c).
1
Let c = 34 - 40. Let s(x) = -7*x - 1. Let a(f) = -3*f - 1. Let u(p) = -5*a(p) + 2*s(p). Calculate u(c).
-3
Suppose -3*b + 4*z - 30 = -5*b, -z = -3*b + 10. Let m(f) = -f**2 + 2*f + 2. What is m(b)?
-13
Let v(r) = -r**2 - 3*r - 1. Let u = -8 + 4. Let x = -44 + 48. Let d be (u/8)/(1/x). Give v(d).
1
Suppose -9*k + 6*k + 6 = 0. Let n be (-2)/(-2) + -6 + k. Let z(v) = -v**3 - 3*v**2 + v + 2. Give z(n).
-1
Let q(u) = -u**2 + u - 1. Let b be q(1). Let g(k) = -3*k**2 - 2*k**2 + k**2 + k**2. Determine g(b).
-3
Let q(t) be the second derivative of 7/2*t**2 - 2/3*t**3 + 0 - 5*t. Determine q(5).
-13
Let u(h) = 6*h**3 - h**2 - h + 7. Let o(n) = -7*n**3 + n - 8. Let c(m) = -5*o(m) - 6*u(m). Give c(6).
4
Suppose 3 = 3*x + 5*h - 4, -2*h + 10 = 2*x. Suppose x = -2*l + 1. Let w(c) = -c**3 - 5*c**2 - 4*c + 4. Calculate w(l).
4
Let f(n) = -n**2 + n + 7. Let p = 12 - 5. Let r be 3 - (0 - (p + 2)). Let s be 0/1*(-6)/r. Calculate f(s).
7
Suppose 0 = -16*f + 1 - 17. Let p(g) = 10*g - 1. Calculate p(f).
-11
Let c(f) = -f**2 + 8*f + 5. Let y be (-1 + -1 - -3)*(7 - 1). Determine c(y).
17
Let x(q) = q**2 + 4*q + 4. Let b(i) = -i**3 + 3*i**2 + i + 4. Let c be b(3). Suppose -3*f + 12 = -c*f. Give x(f).
1
Let l(b) be the second derivative of -7*b**3/6 + b**2/2 + b. What is l(-1)?
8
Let k(u) = -u - 1. Let r be k(-5). Suppose 3*n = r*h - 15, 3*h + 0*n + 10 = -2*n. Let b(p) = p**2 + p - 7. Calculate b(h).
-7
Let x(w) = w**2 + 5*w + 4. Suppose 10 = -2*n, -3*d + 4*n - 2*n - 2 = 0. Give x(d).
0
Let y be (-45)/(-60) + (-19)/4. Let m(z) = -z**3 - 4*z**2 - 3*z - 1. Determine m(y).
11
Suppose -9 = 4*b - 5. Let s(c) = -2*c. Let o be s(b). Let w(l) = 2*l**2 - l - 1 - l + 0*l. Determine w(o).
3
Let s(y) be the second derivative of y**8/1120 - y**6/720 - y**5/120 - y**4/6 - y. Let p(w) be the third derivative of s(w). Give p(-1).
-6
Let i(k) = k**3 + 6*k**2 + 6*k - 3. Let z(f) = -f - 11. Let x be z(-6). Determine i(x).
-8
Let c(r) = 4*r - 3 - r**2 - 3 - 4 - 14*r. Determine c(-7).
11
Let z(w) be the second derivative of -w**4/12 + 3*w**3/2 - w**2 - w. Suppose 0 = 36*s - 39*s + 21. Give z(s).
12
Suppose 5*z - 4 - 6 = 0. Let g(v) = -z*v + 0*v**2 - v**2 + v + 2*v**2 - 3. Calculate g(4).
9
Let y(p) = -p**2 + 5*p. Suppose 0 = 6*r - r. Let v(u) = u**3 + u - 6. Let k be v(r). Let q be k/(-15) + (-18)/(-5). Calculate y(q).
4
Suppose -2*v = -0*v - 4. Suppose 4*k = -v*y + 2, 6*k - k - 3*y = 19. Let w(a) = 4 - 5*a - 3*a**k + 3*a**2 + a**2. What is w(3)?
-2
Suppose 0 = -4*k + 16 + 16. Let n(s) = 2*s - s**2 + k - 3*s - 4. Determine n(0).
4
Let k = -56 - -56. Let o(s) be the third derivative of k*s**5 + 0*s + 0*s**4 + 0 + 3*s**2 + 0*s**3 - 1/15*s**6. Determine o(-1).
8
Suppose -3*l - 15 = -6*l. Suppose -l*r = -0*r + 5. Let z(g) = -3*g**2 - g**2 + 5*g**2. Determine z(r).
1
Suppose 5*u + 8 = 2*v, -5*u = -3*v + 5 + 2. Let q(w) be the second derivative of -w**5/5 + w**3/6 + w**2/2 + w. Give q(v).
4
Suppose -2*i + 6 = -4. Suppose -3*z + i*q = 34, -5*z + 0 = q + 10. Let k(n) = 0 - 1 + 3*n + n**3 + 4 + 4*n**2. Calculate k(z).
3
Let i(v) = -v + 2. Let m = -4 + 7. Let s = m + -1. What is i(s)?
0
Let s(m) = -2*m - 11. Let i be s(-8). Let z(d) = -2*d - 6 - d**2 + 0*d**2 + d**2 + d**2. Determine z(i).
9
Suppose 5*c - 5 = 0, -4*y + 6 = c - 3*c. Suppose -3*r + y*r = -4. Let k(u) = u**2 - 3*u + 3. Determine k(r).
7
Let i(c) be the second derivative of -c**4/12 + 5*c**3/6 + c**2 + 28*c. Determine i(4).
6
Let f be 6/24 - (-22)/8. Let y(h) = -1 + 2*h**2 - h**2 - 2*h**f + h**2 - h**3. What is y(-1)?
4
Suppose 0 = 9*q + 22 + 23. Let j(z) = -z**2 - 4*z - 3. What is j(q)?
-8
Let x be ((-40)/(-16))/((-1)/2). Let o(a) = -a**2 + 7. Give o(x).
-18
Let u(z) = -z**2 - 11 + 3*z + 7*z + 2*z - 2*z. What is u(8)?
5
Let v(z) = z + 4. Let d(g) = -g**2 - 8*g - 8. Let p be d(-6). What is v(p)?
8
Let d(l) = -l**3 - 7*l**2 - 5*l. Let f(t) = -2*t**3 - 14*t**2 - 11*t - 1. Let k(a) = 5*d(a) - 2*f(a). Determine k(-6).
-16
Let g be (-1 - 0)*2/(-1). Let j(i) = -i**3 + 4*i**2 + i. Determine j(g).
10
Let x(z) = z**2 + 5*z + 3. Let j = 29 + -34. What is x(j)?
3
Let s(u) = 4*u - u**2 - 3 + u**3 + 0 - u**2. Let j be (-2)/4*-2 - -1. What is s(j)?
5
Let a(b) = b**3 + 2*b**2 - b. Let w(r) = -r**2 + 10*r - 5. Suppose -4*p - 33 = -5*l, -9 = -4*l + 2*l + 3*p. Let z be w(l). Let q = z - 7. Calculate a(q).
-6
Let o(r) = r**2 + r. Let t = -25 - -39. Let x be 12/(-42) - (-4)/t. Let q be o(x). Let b(i) = -i**3 - i**2 + i - 2. What is b(q)?
-2
Suppose -8*x + 12 = -4*x. Let c(n) = -4*n**2 + 3 - 3*n**x + 2*n**3 + 6*n**2 + n - 2*n. Calculate c(3).
-9
Let r(y) = -y + 2. Let k(o) = -3*o + 7. Let q(m) = 2*k(m) - 7*r(m). Give q(5).
5
Let r(x) = -x**3 - 2*x**2 + 4*x + 3. Suppose 5*n = -6 + 31. Suppose n*q + 2 + 13 = 0. Calculate r(q).
0
Suppose 3*n - 2*n = 1. Let x = n + -3. Let h(f) = 18 + 0*f + f**2 + f - f**3 - 19. Give h(x).
9
Let o(g) = -g**3 - 6*g**2 - 6*g - 1. Let r be o(-5). Let z(p) = -5*p**2 + 2*p + 2*p + r*p**2 + 6. Give z(5).
1
Suppose 10 = r + r. Let v be r*((-6)/(-5))/(-2). Let l(b) = -4*b - 4. Calculate l(v).
8
Let x(c) = 3 + 4*c + 3 + 0*c**2 - 3 + c**2. Let s = -11 + 28. Let r = 13 - s. What is x(r)?
3
Suppose k + 3*o - 3 = -0*k, -9 = -k + 3*o. Let j(d) = 0*d**3 + 4*d**2 + k*d - 1 + 0 - d**3. Let c = 47 - 42. What is j(c)?
4
Suppose -2*x = -4*x + 10. Let c(h) = -h**2 - 2*h**2 - 3*h**2 - 6 + 7*h + h**3. What is c(x)?
4
Let c(f) = f**3 + 3*f**2 - f + 1. Let a be c(-3). Let s = a - -2. Let g = 1 - s. Let j(w) = -w - 10. Determine j(g).
-5
Let k(n) be the third derivative of n**6/720 - n**5/60 - n**4/24 + n**2. Let v(j) be the second derivative of k(j). Suppose -2 + 4 = w. Give v(w).
0
Let j(p) = 3*p + 5*p - 2*p - 9 - 8*p. Let a(h) = h + 1. Let r be a(-8). Give j(r).
5
Let b(v) = v. Let z(m) = m + 1. Let k(c) = 2*b(c) - z(c). What is k(4)?
3
Let m(p) be the first derivative of 0*p - 1/120*p**5 - 1/3*p**3 + 0*p**2 - 1/72*p**6 + 0*p**4 - 3. Let c(x) be the third derivative of m(x). What is c(-1)?
-4
Let l(f) = -2*f**2 - 2*f - 1. Let m(g) = 0*g + 0*g**2 - 2*g**2 + g + 1 + 3*g**2. Let s be 1/(-1*(-2)/(-4)). Let n(x) = s*l(x) - 5*m(x). Give n(-3).
-9
Let h(g) = g + 1. Suppose 17 = a - 3*b, 2 = a + a + 2*b. Suppose -3*r + 2*r + a = 0. Determine h(r).
6
Let j = 21 - 24. Let o(c) = 16*c**3 + 21*c**2 + 11*c - 5. Let p(w) = -3*w**3 - 4*w**2 - 2*w + 1. Let q(r) = -2*o(r) - 11*p(r). What is q(j)?
-10
Let r(s) = s**3 - 6*s**2 + s - 1. Let w(k) = -k**2 - 8*k + 39. Let h be w(-11). What is r(h)?
5
Let q(k) be the second derivative of k**3/6 + k**2/2 + 34*k. Determine q(-1).
0
Suppose -81 = -2*s - 93. Let x(a) = -a**3 - 6*a**2 + 6. Calculate x(s).
6
Let i be 1/(1*1/(-2)). Let d = 1 + -3. Let p(h) = -2*h - 3. Let f(n) = -n**2 + 10*n + 15. Let r(t) = d*f(t) - 11*p(t). Determine r(i).
7
Let v be 3 - (5 + 4/(-1 - -5)). Let p(g) = -3*g - 3. What is p(v)?
6
Let q be 2/4 - (-5)/2. Let l(o) = 2*o - 1. Let k be l(q). Let z(t) = -9*t + 0*t + 24 + 3*t - 19 + t**2. Determine z(k).
0
Let f(g) be the first derivative of 1/8*g**4 + 1/3*g**3 + 0*g**2 + 0*g + 1/120*g**5 - 1. Let z(l) be the third derivative of f(l). What is z(-3)?
0
Let q(l) = -2*l + 2. Let o(z) = -6*z**3 + 2*z + 1. Suppose -3 = -i + 4*i. Let v be o(i). Determine q(v).
-8
Suppose 4 = 4*r + 12, 12 = p - 5*r. Let h(c) = c**3 - 2*c**2 + 4 - 4*c - 4*c**p + 3*c**2. What is h(4)?
4
Let a(i) = -2*i**3 + 3*i - 1. Let f(c) = 4*c + 6. Let b be f(-5). Let d = -12 - b. What is a(d)?
-11
Suppose 3*u - 5 + 23 = 0. Let h(y) = y**3 + 5*y**2 - 7*y - 4. Let m be h(u). Let w(r) = -r**2 + r + 1. Determine w(m).
-1
Let i(j) = -j**2 + 